{"id":976,"date":"2016-09-11T23:29:49","date_gmt":"2016-09-11T21:29:49","guid":{"rendered":"http:\/\/metzvilletango.com\/new\/?page_id=976"},"modified":"2017-09-18T02:11:49","modified_gmt":"2017-09-18T00:11:49","slug":"historique-du-tango-a-metz","status":"publish","type":"page","link":"http:\/\/metzvilletango.com\/new\/notre-association\/historique-du-tango-a-metz","title":{"rendered":"Historique du tango \u00e0 Metz"},"content":{"rendered":"<p dir=\"ltr\">Le tango argentin \u00e0 Metz<\/p>\n<div dir=\"auto\">Nous avons aujourd\u2019hui \u00e0 Metz trois associations pour se former au tango, entendre sa musique, trouver des sols pour le danser.<\/div>\n<div dir=\"auto\">L\u2019association historique \u00ab Metz Ville Tango \u00bb est la premi\u00e8re fond\u00e9e au cours de l\u2019ann\u00e9e 2000 par une poign\u00e9e d\u2019allum\u00e9s de la danse.<\/div>\n<div dir=\"auto\">On se rendra vite compte qu\u2019aucun d\u2019entre eux n\u2019est alors conscient de ce que le tango argentin peut avoir d\u2019exigence.<\/div>\n<div dir=\"auto\">De m\u00eame de ce que doit \u00eatre la bonne administration d\u2019un ensemble associatif.<\/div>\n<div dir=\"auto\"><\/div>\n<div dir=\"auto\">Les d\u00e9buts seront chaotiques voire h\u00e9ro\u00efques.<\/div>\n<div dir=\"auto\">Le miracle sera que la petite association survive \u00e0 ses propres d\u00e9buts !\u2026<\/div>\n<div dir=\"auto\">L\u2019association \u00ab En Bal et Vous \u00bb est venue \u00e0 la rescousse depuis \u2026 Strasbourg avec les excellents Fred et Olga.<\/div>\n<div dir=\"auto\">Les premiers cours s\u2019organisent \u00e0 la Chapelle des Trinitaires et rencontrent le succ\u00e8s.<\/div>\n<div dir=\"auto\">Guy Reichard, form\u00e9 en Argentine par de grands ma\u00eetres se pr\u00e9sente alors et fera l\u00e0 ses d\u00e9buts d\u2019enseignant en initiation.<\/div>\n<div dir=\"auto\">Il ne tardera pas \u00e0 cr\u00e9er \u00ab Solo Tango \u00bb \u00e0 la MJC de Woippy appr\u00e9ci\u00e9e pour ses cours de haute tenue, en particulier avec Eva Perez, organise des voyages \u00e0 Buenos Aires, et pr\u00e9sente un spectacle r\u00e9ussi avec ses \u00e9l\u00e8ves \u00e0 l\u2019Op\u00e9ra-Th\u00e9\u00e2tre de Metz.<\/div>\n<div dir=\"auto\">D\u00e9j\u00e0 l\u2019association Metz Ville Tango aura donn\u00e9 une premi\u00e8re et fabuleuse grande milonga en la \u00a0Chapelle des Trinitaires avec les musiciens tous m\u00e9daill\u00e9s d\u2019or de la classe Tango du Conservatoire de R\u00e9gion de Metz. La milonga se poursuivra jusqu\u2019\u00e0 tard dans la nuit.<\/div>\n<div dir=\"auto\">Le couple Melina et Detlef succ\u00e8de au couple Fred et Olga et assure maintenant la tenue r\u00e9guli\u00e8re des cours.<\/div>\n<div dir=\"auto\">Salle des f\u00eates de Longeville-l\u00e8s-Metz avec le concours de la municipalit\u00e9, Liliane Borg organise une \u00e9norme f\u00eate Tango qui participe au concours international de Buenos Aires. Avec nous : Melina et Detlef, Guillermo et Silvina de Sarrebruck, Andres et Andrea de Darmstadt, Michel et Martine Balthiery de Strasbourg et Augusto Sianca de Paris, avec l\u2019orchestre Alma De Bohemia, de Pascal Roche, la f\u00eate est un grand succ\u00e8s.<\/div>\n<div dir=\"auto\">Les amateurs arrivent maintenant de partout pour vivre leur passion \u00e0 Metz.<\/div>\n<div dir=\"auto\">Suivront, \u00e0 la faveur de tr\u00e8s beaux concert programm\u00e9s par l\u2019Arsenal, deux milongas \u00e0 l\u2019Orangerie. Une avec le quartet Mosalini, la seconde avec \u00e0 nouveau l\u2019orchestre Alma De Bohemia.<\/div>\n<div dir=\"auto\">Les milongas tr\u00e8s romantiques en bord de Moselle \u00e0 la lueur des lampions et des bougies, celles du 14 juillet, de la F\u00eate de la Mirabelle, les d\u00e9monstrations dans les rues de la ville, les bals des beaux soirs d\u2019\u00e9t\u00e9 sur nos places, place de Chambre avec l\u2019orchestre \u00ab Tango Madame \u00bb, place Saint-Louis pour Metz en F\u00eate, place de la Com\u00e9die, de l\u2019H\u00f4tel de Gournay et encore du Th\u00e9\u00e2tris.<\/div>\n<div dir=\"auto\">Citons encore la derni\u00e8re des associations messines \u00ab Abrazo Tango \u00bb qui a organis\u00e9 d\u00e9j\u00e0 deux festivals internationaux de tango argentin en avril 2016 et 2017.<\/div>\n<div dir=\"auto\"><\/div>\n<div dir=\"auto\">L\u2019association Metz Ville Tango et tout son Comit\u00e9 souhaite pouvoir exprimer ici la gratitude \u00e0 Messieurs les adjoints \u00e0 la Culture de Monsieur le Maire de Metz, ainsi qu&rsquo;\u00e0 leurs collaborateurs pour leur bienveillante compr\u00e9hension et toute l\u2019aide et les conseils qu\u2019ils ont bien voulu apporter \u00e0 notre association.<\/div>\n<div dir=\"auto\"><\/div>\n<div dir=\"auto\">L\u2019association Metz Ville Tango assure ses cours pour la session 2017-2018 \u00e0 l\u2019H\u00f4tel de Gournay, 9 rue du Grand Cerf, Metz avec Luis Bruni qui enseigne notamment \u00e0 la Tanguedia de Paris et au Havre.<\/div>\n<div dir=\"auto\"><\/div>\n<div dir=\"auto\">Les milongas (bals tango) et practicas sont organis\u00e9es \u00e0 l\u2019H\u00f4tel de Gournay, 9 rue du Grand-Cerf, au P\u00e9ristyle de l\u2019Op\u00e9ra-Th\u00e9\u00e2tre de Metz 4 place de la Com\u00e9die, et au 6 rue des Robert \u00e0 Metz Sablon (2\u00e8me \u00e9tage).<\/div>\n<div dir=\"auto\"><\/div>\n<div dir=\"auto\">Renseignements :\u00a0<a href=\"tel:06%2032%2078%2099%2092\" target=\"_blank\">06 32 78 99 92<\/a><\/div>\n<div dir=\"auto\">Adresse mail :\u00a0<a href=\"mailto:metzvilletango@gmail.com\" target=\"_blank\">metzvilletango@gmail.com<\/a><\/div>\n","protected":false},"excerpt":{"rendered":"<p>Le tango argentin \u00e0 Metz Nous avons aujourd\u2019hui \u00e0 Metz trois associations pour se former au tango, entendre sa musique, trouver des sols pour le danser. L\u2019association historique \u00ab Metz Ville Tango \u00bb est la premi\u00e8re fond\u00e9e au cours de l\u2019ann\u00e9e 2000 par une poign\u00e9e d\u2019allum\u00e9s de la danse. On se rendra vite compte qu\u2019aucun [&hellip;]<\/p>\n","protected":false},"author":1,"featured_media":0,"parent":963,"menu_order":0,"comment_status":"closed","ping_status":"closed","template":"","meta":{"footnotes":""},"class_list":["post-976","page","type-page","status-publish","hentry"],"_links":{"self":[{"href":"http:\/\/metzvilletango.com\/new\/wp-json\/wp\/v2\/pages\/976","targetHints":{"allow":["GET"]}}],"collection":[{"href":"http:\/\/metzvilletango.com\/new\/wp-json\/wp\/v2\/pages"}],"about":[{"href":"http:\/\/metzvilletango.com\/new\/wp-json\/wp\/v2\/types\/page"}],"author":[{"embeddable":true,"href":"http:\/\/metzvilletango.com\/new\/wp-json\/wp\/v2\/users\/1"}],"replies":[{"embeddable":true,"href":"http:\/\/metzvilletango.com\/new\/wp-json\/wp\/v2\/comments?post=976"}],"version-history":[{"count":12,"href":"http:\/\/metzvilletango.com\/new\/wp-json\/wp\/v2\/pages\/976\/revisions"}],"predecessor-version":[{"id":1193,"href":"http:\/\/metzvilletango.com\/new\/wp-json\/wp\/v2\/pages\/976\/revisions\/1193"}],"up":[{"embeddable":true,"href":"http:\/\/metzvilletango.com\/new\/wp-json\/wp\/v2\/pages\/963"}],"wp:attachment":[{"href":"http:\/\/metzvilletango.com\/new\/wp-json\/wp\/v2\/media?parent=976"}],"curies":[{"name":"wp","href":"https:\/\/api.w.org\/{rel}","templated":true}]}}